o + 62, 4*z + 4*o + 61 = 165. What is the remainder when z is divided by u?
1
Let j = 1147 + -1108. What is the remainder when 51 is divided by j?
12
Let o(r) = -4*r - 28. Let l be o(0). Let x = l - -29. What is the remainder when ((-1)/2)/(2/(-8)) is divided by x?
0
Let a = 92 - -175. What is the remainder when a is divided by 55?
47
Let o(y) = -6 + 18 - 10 - 5 + 30*y. What is the remainder when 51 is divided by o(1)?
24
Suppose -2*m + m = -11. Let y = 3253 + -3235. Calculate the remainder when y is divided by m.
7
Suppose -18 = 37*h - 40*h. What is the remainder when 25 is divided by h?
1
Suppose -716 = -18*b + 1480. Calculate the remainder when 250 is divided by b.
6
Suppose 5*j - 12 + 37 = 0. Let z(w) = 3*w**2 + 6*w - 6. Let f = -10578 - -10592. What is the remainder when z(j) is divided by f?
11
Suppose -37 - 35 = 3*g. Let u = -12 - g. What is the remainder when 1 is divided by -3*(-2)/u*2?
0
Suppose -4*k + 156 = -2*f, 2*k - 91 = 4*f - 1. What is the remainder when k is divided by 11?
4
What is the remainder when 442 is divided by -3 - 2 - (-47 - 0 - -5)?
35
Calculate the remainder when 29 is divided by (-12)/10*(-550)/66.
9
Suppose 1800 = 9*w + 27*w. Calculate the remainder when w is divided by 4.
2
Calculate the remainder when (64/80)/(1/275) is divided by 32.
28
Let a(z) = -z**3 + 17*z**2 + 38*z + 35. What is the remainder when 124 is divided by a(19)?
19
Let y(f) = f**2 + 9*f + 20. Let q be y(-6). Suppose -q*v = 2*a - 38, 6*v = -5*a + 5*v + 111. What is the remainder when a is divided by 12?
11
Suppose -2*p + 3*n = -1, 3*p - 6*n = -2*n + 2. Suppose -y - x = 3*y - 16, -8 = p*x. Calculate the remainder when 6 is divided by y.
1
Suppose -3*y + 5*y - 24 = 0. Let a = 24 - y. Suppose 2*g - 85 + 15 = 0. Calculate the remainder when g is divided by a.
11
Suppose 4*d - 1 - 11 = 0. What is the remainder when 30 is divided by 9 + ((-4)/d)/((-76)/57)?
0
Suppose 11*h - 10*h - 75 = -4*s, 0 = -5*h + 4*s + 279. Calculate the remainder when 231 is divided by h.
54
Let z = -144 - -159. What is the remainder when 162 is divided by z?
12
Suppose k + 12 = 4*w, 5*w + 7 = -3*k + 7*k. Calculate the remainder when 94 is divided by k.
6
Let n = 11 + -13. Let d be n + 0 - (-4 - -5). Calculate the remainder when (-112)/(-6) + (-1)/d is divided by 10.
9
Suppose 0 = 24*c - 10*c - 1148. Calculate the remainder when c is divided by 10.
2
Suppose -3*u - 2*w = -79 - 87, -5*u - 2*w + 270 = 0. Calculate the remainder when u is divided by 19.
14
What is the remainder when 8/1*(-1247)/(-116) is divided by 79?
7
Suppose 4*j - m - 32 = 8, j - 5*m = 29. Suppose 48 = 5*f + 3. Suppose -9 = -3*x + f. What is the remainder when j is divided by x?
3
Let v(o) = -o**2 - 21*o + 10. Suppose 2*c = q - 41, c + 4*c + 4*q = -109. Calculate the remainder when 35 is divided by v(c).
5
Let q(w) be the third derivative of w**6/120 + w**5/6 + w**4/12 + w**3 + 11*w**2. Calculate the remainder when q(-5) is divided by 31.
28
Suppose -g + 52 - 9 = -3*v, -g - 2*v = -18. Suppose 11*a = 6*a - 3*c + 253, -4 = -4*c. Let z = 58 - a. Calculate the remainder when g is divided by z.
4
Suppose 2*p - 6*p + 4 = 0. Let m(b) = 4*b + 62*b**2 - 3*b + 0*b. Calculate the remainder when m(p) is divided by 13.
11
Suppose -17*m + 23*m + 300 = 0. Let i = -111 - -76. Let o = i - m. What is the remainder when 59 is divided by o?
14
Let j(d) = 153*d**2 + 761*d - 2. What is the remainder when 67 is divided by j(-5)?
13
Suppose 4*a = -7 + 23, -5*h - a - 31 = 0. Let g(l) = l**2 + 6*l + 3. Calculate the remainder when g(h) is divided by 8.
2
Suppose 0*f = -5*f + 10. Suppose 4*x + s - 31 = f*x, 20 = 4*s. What is the remainder when 36 is divided by x?
10
Let n = 123 + -92. Let l = 2 + 55. Calculate the remainder when l is divided by n.
26
Suppose -16 = -5*v - w + 67, 0 = -w - 2. Let q be 3 + -2 + 3 + -4. Suppose q = 5*y + 84 - 329. Calculate the remainder when y is divided by v.
15
Let b = -78 - -54. Let s = b + 29. What is the remainder when 17 is divided by s?
2
Suppose -2*b + 45 = f, 4*b - 84 = 5*f + 27. What is the remainder when 45 is divided by b?
21
Let a(f) be the first derivative of f**3/3 + 8*f**2 - 22*f + 13. What is the remainder when 52 is divided by a(-18)?
10
Suppose -25 - 22 = -r. Suppose -9*k + 1 = -89. What is the remainder when r is divided by k?
7
Suppose 11*a = 71 + 138. What is the remainder when 85 is divided by a?
9
Let b = 1437 + -1342. What is the remainder when b is divided by 55?
40
Let j(i) = i**2 + 21*i + 146. Calculate the remainder when 178 is divided by j(-10).
34
Let n = 242 + 32. What is the remainder when n is divided by 89?
7
Suppose 0 = 3*i - i - 3*v - 491, -4*i = 3*v - 1027. Suppose 5*a - 2*j = i, 0*j - 2*j + 2 = 0. Calculate the remainder when a is divided by -8 + 36/54*51.
25
Suppose 0 = 4*y - 8*y + 4088. Calculate the remainder when ((-9)/6)/((-21)/y) is divided by 15.
13
Let g(a) = -97*a - 15. Calculate the remainder when g(-2) is divided by 23.
18
Let g = 19 - 19. Suppose -13*o + 5*o + 32 = g. What is the remainder when o is divided by 1?
0
Let k(t) = t**2 - 4*t + 9. Let l be (64/(-5))/4*5/(-2). What is the remainder when k(l) is divided by 22?
19
Let t(r) = -2*r - 1. Let d(b) = 32*b + 1854. Calculate the remainder when d(-57) is divided by t(-5).
3
Suppose 0*r = -3*r + 135. Suppose -6*f = -4*a - 9*f + 33, 0 = a + 4*f + 8. What is the remainder when r is divided by a?
9
Suppose -5*v - 4*m = -3*m - 16, -11 = -3*v - 2*m. Let k = 1 + -7. What is the remainder when 2 is divided by 3/(-6)*k/v?
0
Suppose -4*f + 140 = 6*j - 7*j, -3*f + 105 = -5*j. Calculate the remainder when 61 is divided by f.
26
Suppose -91 = -11*o + 30. What is the remainder when 14 is divided by o?
3
Let m(q) = q**2 - 17*q + 8. Let w be m(14). Let x = 45 + w. Calculate the remainder when 28 is divided by x.
6
Let g = 75 + -45. Let c(m) = 2*m**2 + 6*m - 4. Calculate the remainder when g is divided by c(-5).
14
Let t(d) = -d**3 - 12*d**2 + 9. Let x(b) = -b. Let u(l) = -4*l - 4. Let v(n) = u(n) - 5*x(n). Let f be v(-8). What is the remainder when 23 is divided by t(f)?
5
Let q(h) = 23*h + 35. Let v be q(15). Let u = 594 - v. Suppose -43 = 3*r - u. What is the remainder when r is divided by 15?
12
Suppose -4*v + 2*v = -76. Suppose 15*i - 14*i = v. Calculate the remainder when i is divided by 4.
2
Suppose -2*g + 77 = -5*p, 3*g - 5*g + 59 = p. What is the remainder when 78 is divided by g?
16
Suppose 6*o = -3*i + 2*o + 24, -5*o = 3*i - 27. Suppose 4*b - 3*b - 2 = 0. What is the remainder when (82/b)/(2/i) is divided by 21?
19
Let p = -7264 + 7327. Calculate the remainder when p is divided by (32/3)/((-1)/(-3)).
31
Let f(c) = -c**2 - 24*c + 34. Calculate the remainder when 35 is divided by f(-25).
8
Let k be 6575/(-20) + (3 - 13/4). Let w = -193 - k. What is the remainder when w is divided by 23?
21
Let p = 31 - 38. Calculate the remainder when -30*(2/(-14) - (-6)/p) is divided by 11.
8
Suppose -5*g = -m + 22, -5*m = -7*g + 8*g - 84. Calculate the remainder when m is divided by 13.
4
Let w = -10 - -30. Let d = w + 1. Suppose 2*t + 2*t = 44. Calculate the remainder when d is divided by t.
10
Suppose 5*d - 49 = 4*q + 41, 2*d = -3*q + 59. Suppose 2*t + 5*p = 11, -3*t - 2*p + 0*p + 11 = 0. What is the remainder when d is divided by t?
1
Let x(t) = -72*t - 92. Calculate the remainder when x(-5) is divided by 16.
12
Suppose -5*g + 50 = 5*v, 3*g - 3*v = 35 + 25. Calculate the remainder when 73 is divided by g.
13
Suppose -q = g + 2*q + 2, -3*g + 44 = -q. What is the remainder when 1/21*3 + (-4917)/(-77) is divided by g?
12
Suppose -15 = -5*z + 2*z, 4*i + 3*z = 103. Calculate the remainder when 64 is divided by i.
20
Let x be (-5)/(-30) - (-46)/12. Suppose 95 = u + x*u. Calculate the remainder when 55 is divided by u.
17
Suppose -a - 25 = 4*a, 2*b = -5*a + 49. Suppose 20*s - 16*s - 40 = 0. What is the remainder when b is divided by s?
7
Let f be 1*(-2157)/21 + 10/(-35). Let q = 165 + f. Let r = -13 - -21. What is the remainder when q is divided by r?
6
Let u(d) = -3*d + 4. Let r = 108 - 97. Calculate the remainder when u(-5) is divided by r.
8
Suppose 18 = 4*d - d. Let n(i) = 3 + 257*i - 1 - 254*i + 6. What is the remainder when n(d) is divided by 14?
12
Suppose -5*d - 3*q - 324 = -9*d, 0 = -5*d + 4*q + 405. What is the remaind